reatest common divisor of 2 and j.
2
Let p(c) = -c**3 - 5*c**2 - 7*c - 12. Let k be p(-4). Suppose -5*g = k, -2*i + 170 = g + g. Calculate the highest common divisor of i and 34.
17
Suppose a + a - 34 = 0. Suppose 0 = 5*g - 5*u - 265, 14*u + 249 = 5*g + 17*u. What is the greatest common factor of a and g?
17
Suppose -3*v + 45 = 3*f - 45, 4*v - 152 = -5*f. Suppose 0 = 2*s - 4*s - 3*j - 23, 0 = -5*j - 25. Let h = 12 + s. What is the highest common divisor of f and h?
8
Let b be (-2)/(-8) + (-87)/(-4). Let t = 11 + b. Calculate the highest common divisor of t and 22.
11
Let m be (-2 - -2)*(-3 - -4)/1. Suppose m = 9*p + 51 - 195. What is the highest common divisor of p and 8?
8
Let h = -30 + 50. Suppose 5767 = 35*w - 1933. Calculate the greatest common factor of w and h.
20
Let y = 17 - 9. Let v be 166/(-8) - 2/y. Let p = v + 43. What is the highest common factor of 55 and p?
11
Let n(t) = 2*t + 19. Suppose -7*a - 21 - 35 = 0. Let r be n(a). What is the greatest common factor of r and 24?
3
Let c(n) = n + 32. Let l be c(7). What is the highest common divisor of 3 and l?
3
Let r be 4 + 7 + (-3)/(-9)*3. Let l be (4 - r) + 5 - -55. Calculate the highest common divisor of l and 208.
52
Let u(s) = -s - 9. Let l be u(-12). Suppose 6*y = l*y + 6. Suppose -y*r = -28 - 36. What is the greatest common factor of 32 and r?
32
Suppose 0*m + 4*k = -4*m + 132, -5*k = 20. Let i = m + -17. Calculate the highest common divisor of i and 20.
20
Let t(m) = m**3 + 7*m**2 + 4*m. Let o be t(-6). Let b = 20 - 2. Suppose -b = -2*a + 246. Calculate the highest common factor of a and o.
12
Let w(j) = -j**3 - 9*j**2 + j + 1. Let n = -2 - 8. Let o be w(n). What is the highest common factor of o and 14?
7
Suppose z + 4*a = 89, 0*z - 2*z + 3*a + 222 = 0. What is the highest common factor of z and 168?
21
Let y be (-1)/(3/(-1 - 2)). Let n be (7/6)/(y/6). Suppose -n*u = -4*u - 9. What is the highest common divisor of u and 21?
3
Suppose 2*s - 18*z = -17*z, 5*z = 3*s + 7. Let i be ((-1)/(-2))/(2/28). What is the highest common factor of i and s?
1
Let n(p) = 5*p + 105. Let l be n(-5). Calculate the greatest common factor of l and 16.
16
Suppose -l = 3*s - 73, -3*l - 25 = -4*s + 94. What is the highest common factor of s and 26?
26
Suppose 2*g - i - 28 = 34, -3*i - 58 = -2*g. Calculate the greatest common factor of g and 104.
8
Let l = -679 + 1309. Suppose l = -19*z + 25*z. Calculate the highest common factor of z and 35.
35
Let n be (468/(-81))/(4/(-18)). What is the highest common divisor of n and 26?
26
Let c(q) = q**3 + 7*q**2 + 2*q - 6. Suppose -1 - 14 = 3*w. Let p be c(w). Calculate the greatest common factor of p and 17.
17
Let b(s) = s - 8. Let f be (-320)/144 - 2/(-9). Let u(k) = -k**3 + k**2 - k - 1. Let i be u(f). Let r be b(i). Calculate the greatest common factor of 10 and r.
5
Suppose -c - c + 5*z = -25, 4*c + 4*z = 8. Suppose 0*y = -c*y + 100. Suppose 3*k - 2*k = y. Calculate the highest common divisor of 200 and k.
20
Let o(l) = -38*l - 2. Let y be 33/(-4) + (-12)/16. Let j be o(y). Let p = j + 23. What is the greatest common factor of 33 and p?
33
Suppose 2 = 9*n - 7*n. What is the highest common factor of 34 and n?
1
Suppose -160 - 80 = -3*t. Let g = -40 - -43. Suppose g*r - 38 = 22. Calculate the highest common factor of t and r.
20
Let l be (-1)/(4 + (-406)/102). Let j = -36 - l. What is the highest common divisor of j and 5?
5
Suppose 0*h = 2*h - 6. Suppose 2*t + 5*l = 22, 2*l = -h*t - l + 15. Let k be 8*((-56)/(-140))/((-4)/(-5)). Calculate the greatest common divisor of t and k.
1
Let t(j) be the second derivative of j**4/12 + j**3/2 - 2*j**2 + 42*j. Let r be t(2). What is the greatest common factor of 42 and r?
6
Suppose -h + 2*o + 9 = 7, 0 = -4*h - 3*o - 14. Let u be (h - 4/(-1)) + 4. Suppose 4*i - 124 - 44 = 0. Calculate the highest common divisor of i and u.
6
Let r be (-34)/51*(-7)/(7/30). What is the greatest common divisor of r and 930?
10
Let f(k) = -k**3 - k**2 + k + 9. Suppose -12*i - 15 = -9*i. Let w be f(i). What is the highest common divisor of w and 13?
13
Let f = 6 + -9. Let o = f + 9. Let c(i) = -i**3 + 11*i**2 - 7*i + 6. Let j be c(o). What is the highest common divisor of j and 18?
18
Let h = 5 - -29. Let q = h - 1. Let j(c) = 12*c - 169. Let v be j(15). Calculate the highest common divisor of v and q.
11
Let n(o) = 62*o**2 - 13*o - 2. Let x be n(2). What is the highest common divisor of 60 and x?
20
Suppose 0 = -14*s + 2568 + 792. What is the highest common factor of 6 and s?
6
Suppose 7*k + k = 3168. Suppose -s + k = -0*s. What is the greatest common factor of s and 36?
36
Suppose -4*l - 4 = f - 98, -3 = -3*l. What is the greatest common divisor of 882 and f?
18
Suppose 12*m - 222 = 30. Suppose -l = -m - 67. What is the highest common divisor of 8 and l?
8
Suppose -5*x + 40 = -5*w, 3*x - 8*x - 4*w = -4. What is the highest common factor of 12 and x?
4
Let u = 14 + 66. Let c = u + -196. Let a = 176 + c. Calculate the highest common factor of a and 15.
15
Let k be (7*(-40)/(-175))/((-4)/(-30)). What is the greatest common factor of k and 1002?
6
Suppose -4*l + 3*h = -87, -81 + 1 = -4*l - 4*h. What is the highest common divisor of 399 and l?
21
Let x(g) = 2*g**2 + g. Let u = 1 + 0. Suppose -n + u = -2*n. Let a be x(n). Calculate the greatest common factor of a and 8.
1
Suppose -3*k + 3*j = 12, -j + 28 = -2*k - 4*j. Let x be (-10)/(-4) + 60/k + 7. Calculate the greatest common factor of 22 and x.
2
Let i(f) be the second derivative of -f**5/20 - f**4/4 + f**2/2 + 5*f. Let d be i(-1). Let l be (4 + -2 + d)*11. What is the greatest common divisor of l and 1?
1
Suppose -313*i + 307*i = -4368. Calculate the highest common divisor of i and 208.
104
Let l(t) = -3*t + 56. Let z be l(18). Suppose -3*o + 9 = 3*s, 15 = -z*s - 3*s. What is the greatest common factor of o and 6?
6
Let g be 1 - (-3 + 2)*-7. Let u be ((-122)/12 + 4/(-12))*g. Let w = 3 - -4. What is the highest common divisor of w and u?
7
Let q = -3 - -5. Suppose -4*j - q*c + 30 = -14, 5*c - 20 = 0. Suppose j = f - 11. Calculate the greatest common divisor of f and 50.
10
Let l = 18 + -39. Let d = l + 27. Suppose -3*p = -d, 4*z - 4*p - 29 = 11. What is the greatest common factor of z and 12?
12
Suppose -1424 = -2*w - 2*w. Suppose -7*l + w = -652. What is the highest common factor of 16 and l?
16
Suppose -4*w = -5*w + 2. Suppose 2*z = w, 0*r + 4*z - 9 = -5*r. Let f be (-1040)/(-15) + r/(-3). Calculate the highest common factor of 23 and f.
23
Suppose 10 + 5 = 5*m. Let x(b) = 2*b**3 - 3*b**2 + 1. Let d be x(m). What is the highest common factor of 14 and d?
14
Let g = 18 - 6. Suppose -r = 5*z - 3*r + 50, 4*r = -4*z - 68. Let f(s) = -8*s - 36. Let m be f(z). Calculate the highest common factor of g and m.
12
Let j be 0/(-1) + 27 + 4 - -5. Calculate the greatest common factor of j and 198.
18
Let f be (-18)/(-3)*800/60. Calculate the highest common divisor of 16 and f.
16
Let w(o) = 2*o + 9. Let a be w(-10). Let r = 21 + a. Let c be (3 + r)*-1*-2. What is the greatest common divisor of c and 208?
26
Suppose -4*w + w = 0. Suppose w = -5*f, 3*f - 41 = m + f. Let z = 9 - m. Calculate the highest common factor of 10 and z.
10
Let a = 191 - 165. Calculate the greatest common factor of 208 and a.
26
Let d(p) be the third derivative of -41*p**4/24 - 3*p**3 + 44*p**2. Let k be d(-3). What is the greatest common factor of 30 and k?
15
Let h be 5 + -5 - -1*2. Let w(b) = -b**h + 6 - 17*b + 2 - 4. Let m be w(-11). What is the highest common divisor of 14 and m?
14
Suppose -443 = -2*k + 357. What is the greatest common divisor of 8 and k?
8
Let q be ((-104)/36)/((-1)/9). What is the highest common factor of 793 and q?
13
Let l be (-12)/3 + 1 + 0. Let a = l - -16. Calculate the highest common divisor of 52 and a.
13
Let c be 2*-1*378/(-28). Let w be (4/1 + -3)/1. Let j be w/(1/36*2). Calculate the greatest common divisor of j and c.
9
Let v = 120 + -60. What is the greatest common divisor of v and 84?
12
Let c = -352 + 366. What is the greatest common factor of 224 and c?
14
Suppose -5*c = -6*s + 9*s - 250, -c = -5*s + 454. Calculate the highest common factor of s and 20.
10
Let o = 100 - -65. What is the highest common factor of o and 30?
15
Let m(l) = 2*l**3 + 5*l**2 - 6*l - 12. Let w be m(-4). Let r b